
1338
What is the greatest common factor of 1611225 and 378?
189
Calculate the greatest common factor of 27827749 and 4.
1
Calculate the greatest common divisor of 33271 and 317856875.
4753
Calculate the greatest common factor of 9249 and 123387826.
3083
Calculate the highest common divisor of 383435 and 47515.
1105
What is the highest common divisor of 1 and 14358777?
1
Calculate the greatest common divisor of 672094054 and 20872.
5218
What is the highest common factor of 14198034 and 8843?
239
Calculate the highest common divisor of 480701 and 18309.
359
What is the highest common divisor of 6020516 and 80301?
2059
Calculate the highest common factor of 24 and 6940080.
24
What is the greatest common factor of 2157 and 2041241?
719
What is the greatest common divisor of 78 and 15455687?
13
What is the highest common factor of 1042470 and 8450?
130
Calculate the greatest common factor of 4725814 and 12454.
958
Calculate the greatest common divisor of 32331 and 6019.
13
Calculate the greatest common divisor of 4266 and 40970980.
158
Calculate the highest common divisor of 556638 and 2359554.
4926
What is the highest common divisor of 103302800 and 116150?
5050
What is the highest common factor of 294 and 17454948?
42
Calculate the highest common factor of 1790 and 1737325670.
1790
What is the greatest common divisor of 7848 and 43036470?
1962
Calculate the greatest common divisor of 96 and 201630720.
96
Calculate the highest common divisor of 991327011 and 1251.
417
What is the highest common divisor of 3085691 and 1743?
581
What is the greatest common divisor of 1748375 and 5875?
125
What is the greatest common divisor of 12736 and 1786025?
199
What is the greatest common divisor of 14105868 and 28644?
2604
Calculate the highest common factor of 43472 and 24893154.
5434
Calculate the greatest common factor of 1260 and 15776340.
60
Calculate the highest common factor of 18823059 and 3518.
1759
What is the greatest common factor of 2812 and 147137900?
2812
What is the greatest common factor of 8348032 and 448?
448
What is the highest common divisor of 14061951 and 54?
27
Calculate the greatest common factor of 630 and 45998190.
630
Calculate the highest common divisor of 4784 and 25386480.
368
Calculate the greatest common factor of 73769881 and 1943.
1943
Calculate the greatest common divisor of 288468 and 4014.
18
What is the greatest common divisor of 26537589 and 468?
117
What is the greatest common divisor of 5870735 and 7240?
905
Calculate the highest common divisor of 222732 and 6233.
23
What is the greatest common factor of 5158395 and 220660?
935
Calculate the greatest common divisor of 1053764 and 38776.
524
What is the highest common divisor of 17 and 2110618?
17
What is the greatest common divisor of 2386010 and 1234970?
11990
What is the greatest common factor of 3240 and 22024020?
60
What is the highest common divisor of 742866918 and 51?
51
Calculate the highest common factor of 2302121507 and 889.
889
Calculate the highest common divisor of 26793 and 158535.
117
What is the highest common factor of 138 and 3134992?
46
What is the highest common factor of 1857688 and 507073?
4739
What is the greatest common divisor of 265489 and 3397037?
679
Calculate the greatest common divisor of 1188 and 424548.
108
What is the greatest common factor of 22425 and 4790955?
195
Calculate the highest common factor of 1788856 and 29533.
4219
Calculate the greatest common divisor of 40121533 and 691.
691
Calculate the highest common divisor of 321343 and 53317.
1441
Calculate the greatest common factor of 456 and 8088.
24
What is the greatest common divisor of 1318410 and 990?
90
Calculate the greatest common factor of 52070 and 6542370.
410
Calculate the greatest common factor of 32004516 and 348.
348
Calculate the greatest common factor of 60 and 119674280.
20
Calculate the highest common divisor of 76045 and 50719.
67
What is the greatest common factor of 7113164 and 5888?
92
Calculate the highest common divisor of 4184832 and 132.
12
Calculate the highest common factor of 26170332 and 180514.
4198
Calculate the greatest common divisor of 56929353 and 104.
13
What is the highest common factor of 3114 and 182496316?
346
Calculate the greatest common divisor of 7889 and 1181096.
1127
What is the highest common divisor of 1165117724 and 2056?
1028
What is the highest common divisor of 687667 and 1678954?
323
Calculate the greatest common divisor of 414341 and 14569.
17
What is the greatest common factor of 6299714 and 63318?
122
Calculate the greatest common divisor of 7 and 6928789.
7
What is the highest common factor of 195054 and 60230?
38
Calculate the highest common divisor of 65 and 255489.
13
What is the highest common divisor of 1378622273 and 5327?
5327
Calculate the greatest common divisor of 42 and 235246137.
21
What is the highest common divisor of 738985 and 715?
65
What is the highest common factor of 78363266 and 566?
566
What is the greatest common divisor of 51561 and 6171?
51
What is the highest common divisor of 19220 and 17230?
10
What is the highest common divisor of 1194830 and 10555510?
7070
Calculate the greatest common divisor of 366365 and 2115.
235
Calculate the highest common divisor of 365792 and 202216.
1288
What is the greatest common divisor of 13 and 3560066822?
13
What is the greatest common factor of 3997 and 1859747?
571
Calculate the highest common factor of 2541408 and 432.
48
Calculate the highest common divisor of 2464 and 327768.
56
What is the highest common factor of 8248 and 44792?
8
Calculate the greatest common factor of 133635 and 9735.
885
What is the greatest common factor of 22752 and 11965024?
2528
Calculate the highest common divisor of 413 and 68278.
7
What is the highest common divisor of 2845760 and 1360?
80
Calculate the greatest common factor of 24198 and 1398156.
222
Calculate the highest common divisor of 15744 and 209904.
48
What is the greatest common divisor of 737 and 61016297?
67
What is the greatest common factor of 7776 and 419072?
32
What is the highest common divisor of 622 and 403098918?
622
Calculate the highest common factor of 195 and 22467255.
15
What is the greatest common factor of 4122 and 108263414?
458
What is the highest common divisor of 3115728 and 756?
252
Calculate the highest common factor of 11630523 and 1436.
359
Calculate the greatest common factor of 38956 and 1151.
1
What is the greatest common divisor of 418088 and 4620?
44
Calculate the highest common divisor of 31 and 27662881.
31
What is the greatest common factor of 107667 and 9864?
9
Calculate the greatest common factor of 376703328 and 192.
96
What is the highest common factor of 1867992 and 1575?
21
Calculate the greatest common factor of 373568 and 249644.
1796
What is the highest common factor of 194110323 and 402?
201
What is the greatest common factor of 273020 and 22?
22
Calculate the highest common factor of 96930238 and 928.
58
What is the greatest common divisor of 5969 and 5541010?
127
What is the highest common divisor of 261052254 and 1242?
1242
Calculate the highest common divisor of 95599689 and 1218.
87
Calculate the highest common factor of 240 and 168230.
10
What is the greatest common factor of 2167561 and 308?
11
What is the greatest common factor of 4300941 and 251954?
479
Calculate the greatest common factor of 10659310 and 272970.
3370
What is the highest common divisor of 141 and 511454?
47
Calculate the highest common divisor of 117012855 and 73620.
6135
What is the highest common factor of 51804106 and 83272?
2974
Calculate the greatest common divisor of 18 and 4310217.
9
Calculate the highest common divisor of 895840 and 1494240.
1760
What is the highest common divisor of 95 and 67592405?
95
Calculate the greatest common divisor of 1498 and 2205994.
14
Calculate the highest common divisor of 25773 and 659661.
213
Calculate the greatest common divisor of 214 and 49547848.
214
Calculate the greatest common factor of 45399524 and 2811.
937
What is the greatest common factor of 79894 and 2105114?
1858
Calculate the greatest common factor of 257119 and 32.
1
What is the greatest common factor of 63 and 31474863?
63
What is the highest common factor of 42 and 48918233?
7
Calculate